{"id":6970,"date":"2024-04-06T23:45:00","date_gmt":"2024-04-06T21:45:00","guid":{"rendered":"http:\/\/beauweb.ca\/?page_id=6970"},"modified":"2024-04-08T15:14:18","modified_gmt":"2024-04-08T13:14:18","slug":"paiements","status":"publish","type":"page","link":"https:\/\/beauweb.ca\/index.php\/paiements\/","title":{"rendered":"Paiements"},"content":{"rendered":"\n<h2 class=\"wp-block-heading\">Payez vos factures de beauweb en ligne!<\/h2>\n\n\n\n<div class=\"wp-block-columns is-layout-flex wp-container-core-columns-is-layout-28f84493 wp-block-columns-is-layout-flex\">\n<div class=\"wp-block-column is-layout-flow wp-block-column-is-layout-flow\"><\/div>\n\n\n\n<div class=\"wp-block-column is-layout-flow wp-block-column-is-layout-flow\"><\/div>\n\n\n\n<div class=\"wp-block-column is-layout-flow wp-block-column-is-layout-flow\"><\/div>\n<\/div>\n\n\n\n<div class=\"wp-block-columns is-layout-flex wp-container-core-columns-is-layout-28f84493 wp-block-columns-is-layout-flex\">\n<div class=\"wp-block-column is-layout-flow wp-block-column-is-layout-flow\">\n<h3 class=\"wp-block-heading\"><\/h3>\n\n\n\n<div class=\"wp-block-columns is-layout-flex wp-container-core-columns-is-layout-28f84493 wp-block-columns-is-layout-flex\">\n<div class=\"wp-block-column is-layout-flow wp-block-column-is-layout-flow\">\n<h4 class=\"wp-block-heading\">Paiement par PayPal.<\/h4>\n\n\n\n<p><strong>1.<\/strong><br>Pour commencer, remplissez le formulaire suivant :<br>(Si vous avez plusieurs factures, veuillez les s\u00e9par\u00e9s avec une vigule ex. 1001,1004)<\/p>\n\n\n\n<p><\/p>\n\n\n\n<p><\/p>\n\n\n\n<p><strong>2.<\/strong><br>Une fois que vous presserez sur bouton \u00ab\u00a0Envoyer\u00a0\u00bb, vous serez rediriger sur une page s\u00e9cure de PayPal. Sur cette page vous pourrez choisir d&rsquo;entrer avec votre no de compte de PayPal; en cr\u00e9er un nouveau, ou\u00a0 payer directement \u00e0 partir de votre carte de cr\u00e9dit. Pour payer par carte de cr\u00e9dit choississez le bouton gris encercl\u00e9 en jaune pour \u00eatre rediriger sur une page de paiement par carte standard.<\/p>\n\n\n\n<p><\/p>\n\n\n\n<p><\/p>\n\n\n\n<p><\/p>\n\n\n\n<p><\/p>\n\n\n\n<p><\/p>\n\n\n\n<p><\/p>\n\n\n\n<p><\/p>\n\n\n\n<p><strong>3.<\/strong><br>Finalement remplissez les informations demand\u00e9es sur la page suivante et pressez sur le bouton en bas de la page \u00ab\u00a0Payer maintenant\u00a0\u00bb.<\/p>\n\n\n\n<p>Et voil\u00e0 le tour est jou\u00e9.<\/p>\n\n\n\n<p>Vous serez redirig\u00e9 sur notre site avec un sentiment de fierter d&rsquo;avoir matris\u00e9 les paiements par PayPal.<\/p>\n\n\n\n<p>PS. Notez que vos informations financiaires ne sont pas fournis aux marchands (nous sommes inclus dans cette liste) lui-m\u00eame. Seulement vous et PayPal ont acc\u00e8s \u00e0 cette information.<\/p>\n<\/div>\n\n\n\n<div class=\"wp-block-column is-layout-flow wp-block-column-is-layout-flow\"><div class=\"qpp-style default\"><div id=\"plain\"><form id=\"frmPaymentdefault\" method=\"post\" action=\"\"><h2 id=\"qpp_reload\" class=\"qpp-header\">Payment Form<\/h2><p class=\"qpp-blurb\">Enter the payment details and submit<\/p><input type='hidden' name='sc[post]' value='6970' \/><input type=\"hidden\" name=\"form_id\" value=\"\" \/><input type=\"hidden\" name=\"currencybefore\" value=\"&#x24;\" \/><input type=\"hidden\" name=\"currencyafter\" value=\"\" \/><div class=\"qpp_nice_label qpp_label_blur\"><input type=\"text\" id=\"reference\" name=\"reference\" class=\"required\" value=\"\" placeholder=\"Payment reference\" \/><\/div><div class=\"qpp_nice_label qpp_label_blur\"><input type=\"text\" id=\"amount\" name=\"amount\" class=\"required\" value=\"\" placeholder=\"Amount to pay\" \/><\/div><input type=\"hidden\" id=\"qppquantitydefault\" name=\"quantity\" value=\"1\"><input type=\"hidden\" name=\"couponapplied\" value=\"\" \/><input type=\"hidden\" id=\"qpptotal\" name=\"total\" \/><input type=\"hidden\" name=\"multiples\" value=\"\" \/><p class=\"submit pay-button\"><input type=\"submit\" value=\"Make Payment\" id=\"submit\" name=\"qppsubmit\" \/><\/p><div id=\"qppchecking\">Validating payment information...<\/div><\/form>\r\t<div class='qpp-loading'>Waiting for PayPal...<\/div><div class='qpp-validating-form'>Validating payment information...<\/div><div class='qpp-processing-form'>Waiting for PayPal...<\/div><div style=\"clear:both\"><\/div><\/div><\/div>\r\t\n\n\n\n<p><\/p>\n\n\n\n<figure class=\"wp-block-image alignleft size-full is-resized\"><img loading=\"lazy\" decoding=\"async\" width=\"474\" height=\"659\" src=\"http:\/\/beauweb.ca\/wp-content\/uploads\/2024\/04\/paypal_login_pagte.png\" alt=\"\" class=\"wp-image-6976\" style=\"width:314px;height:auto\" srcset=\"https:\/\/beauweb.ca\/wp-content\/uploads\/2024\/04\/paypal_login_pagte.png 474w, https:\/\/beauweb.ca\/wp-content\/uploads\/2024\/04\/paypal_login_pagte-216x300.png 216w\" sizes=\"auto, (max-width: 474px) 100vw, 474px\" \/><\/figure>\n\n\n\n<figure class=\"wp-block-image alignleft size-full\"><img loading=\"lazy\" decoding=\"async\" width=\"308\" height=\"865\" src=\"http:\/\/beauweb.ca\/wp-content\/uploads\/2024\/04\/paypal_credit_card_payment.png\" alt=\"\" class=\"wp-image-6975\" srcset=\"https:\/\/beauweb.ca\/wp-content\/uploads\/2024\/04\/paypal_credit_card_payment.png 308w, https:\/\/beauweb.ca\/wp-content\/uploads\/2024\/04\/paypal_credit_card_payment-107x300.png 107w\" sizes=\"auto, (max-width: 308px) 100vw, 308px\" \/><\/figure>\n<\/div>\n<\/div>\n<\/div>\n<\/div>\n","protected":false},"excerpt":{"rendered":"<p>Payez vos factures de beauweb en ligne! Paiement par PayPal. 1.Pour commencer, remplissez le formulaire suivant :(Si vous avez plusieurs factures, veuillez les s\u00e9par\u00e9s avec une vigule ex. 1001,1004) 2.Une fois que vous presserez sur bouton \u00ab\u00a0Envoyer\u00a0\u00bb, vous serez rediriger sur une page s\u00e9cure de PayPal. Sur cette page vous pourrez choisir d&rsquo;entrer avec votre &hellip; <\/p>\n<p class=\"link-more\"><a href=\"https:\/\/beauweb.ca\/index.php\/paiements\/\" class=\"more-link\">Lire la suite de<span class=\"screen-reader-text\">\u00ab\u00a0Paiements\u00a0\u00bb<\/span><\/a><\/p>\n","protected":false},"author":1,"featured_media":0,"parent":0,"menu_order":0,"comment_status":"closed","ping_status":"closed","template":"","meta":{"footnotes":""},"class_list":["post-6970","page","type-page","status-publish","hentry"],"_links":{"self":[{"href":"https:\/\/beauweb.ca\/index.php\/wp-json\/wp\/v2\/pages\/6970","targetHints":{"allow":["GET"]}}],"collection":[{"href":"https:\/\/beauweb.ca\/index.php\/wp-json\/wp\/v2\/pages"}],"about":[{"href":"https:\/\/beauweb.ca\/index.php\/wp-json\/wp\/v2\/types\/page"}],"author":[{"embeddable":true,"href":"https:\/\/beauweb.ca\/index.php\/wp-json\/wp\/v2\/users\/1"}],"replies":[{"embeddable":true,"href":"https:\/\/beauweb.ca\/index.php\/wp-json\/wp\/v2\/comments?post=6970"}],"version-history":[{"count":9,"href":"https:\/\/beauweb.ca\/index.php\/wp-json\/wp\/v2\/pages\/6970\/revisions"}],"predecessor-version":[{"id":6989,"href":"https:\/\/beauweb.ca\/index.php\/wp-json\/wp\/v2\/pages\/6970\/revisions\/6989"}],"wp:attachment":[{"href":"https:\/\/beauweb.ca\/index.php\/wp-json\/wp\/v2\/media?parent=6970"}],"curies":[{"name":"wp","href":"https:\/\/api.w.org\/{rel}","templated":true}]}}